3*b - 5*u - 78 = -u, 7 = -b + 5*u. What are the prime factors of (-1 - (-1)/2)*b?
11
Suppose g + 6 = 3*g. Suppose g*t - 72 + 23 = 4*z, -4*t = -3*z - 77. What are the prime factors of t?
23
Let s = 4 - -1. Suppose -s*u - 12 = -3*u. Let z = u - -12. List the prime factors of z.
2, 3
Let i(g) = -g + 61. What are the prime factors of i(-7)?
2, 17
Let k = -63 - -109. List the prime factors of k.
2, 23
Let q(c) = 8*c**2 - c - 5. Let p(d) = 7*d**2 - d - 6. Let s(y) = -4*p(y) + 5*q(y). List the prime factors of s(-1).
2, 3
Suppose 0 = 4*y - 2*p - 2*p + 28, 0 = -3*p + 9. Let n be y/10 + 4/10. Suppose n = -2*i + 11 + 9. What are the prime factors of i?
2, 5
Let g = -66 + 121. List the prime factors of g.
5, 11
Let g(i) = -i**2 + 3*i + 4. Let y be g(3). Let v(q) = 5*q**2 - q. Let c be v(1). List the prime factors of c*-1*(y - 6).
2
Suppose 4*d = -3*q + 151, 4*q + 89 = -5*d + 290. List the prime factors of q.
7
Let o = 23 - 17. List the prime factors of o.
2, 3
Suppose -9*r - 1044 = -21*r. List the prime factors of r.
3, 29
Let v be (4 + -3 - -2) + 1. Suppose f - 7 + 3 = 0. Suppose 4*r = v, 3*s - r = -f*r + 18. What are the prime factors of s?
5
Let p be 6/2*(-1 - -3). Suppose -4*a = t + 5, t + a - 40 = p*a. List the prime factors of t.
3, 5
Let l(c) = -2*c + 1. Let y(d) = d. Let x be y(2). Let s = -1 - x. List the prime factors of l(s).
7
Suppose 3*a + 17 = -2*k - 14, 3*k + 3*a = -42. Let v = k + 15. Suppose 0 = -0*j + v*j - 32. List the prime factors of j.
2
Let n(v) be the second derivative of -v**5/20 + v**4/4 - v**3/3 + 2*v. Let j be n(2). Let p = 2 - j. List the prime factors of p.
2
Let r(m) = -m**2 - 4*m - 3. Let y be r(-4). List the prime factors of (-4)/(1 + y) - -1.
3
Let t(x) = -235*x**3 - x**2. Let m be t(-1). Suppose -4*d = -s - 4*s + m, 246 = 5*s - d. Suppose -c = 4*c - s. What are the prime factors of c?
2, 5
Let d(u) = u**2 + u + 22. List the prime factors of d(0).
2, 11
Let y be (-21)/(-14) - (-14)/4. Let m(z) = -z**3 + 5*z**2 + 4*z - 5. What are the prime factors of m(y)?
3, 5
Suppose 16 = 3*c + 1. Suppose 35 = 5*t - c. List the prime factors of t.
2
Suppose 25 = 5*s + l, -3*l - l = 0. Let m(v) = -v**3 - 7*v**2 - 6*v + 2. Let h be m(-6). Suppose s*g = 3*r - 46, 0*r = r + g - h. List the prime factors of r.
7
List the prime factors of 9/(-3) + 5 + 11 + 2.
3, 5
Let w(u) = 3*u**2 - 11*u - 3. List the prime factors of w(6).
3, 13
Let s(v) = v**2 - v. Let l be s(0). Let j be ((-136)/2)/(-2) + l. Let q = -24 + j. What are the prime factors of q?
2, 5
Let k(j) = -j**2 + 3*j - 4. Let o be k(2). Let z(c) = -9*c - 5. What are the prime factors of z(o)?
13
Let b(l) = l**3 - 11*l**2 + 10*l + 3. Let k be b(10). What are the prime factors of k - 1 - -3*7?
23
Suppose -125 = -0*n - 5*n. What are the prime factors of n?
5
Let l = -84 + 27. Let j = -35 - l. List the prime factors of j.
2, 11
Let a(p) = 295*p. Let g be a(1). Suppose 4*v + v - g = 0. Suppose -t + 4 = y, 4*t - 19 = 3*y - v. List the prime factors of y.
2
Let i = -6 + 8. Suppose 0*k + 2*k = 0. Let c = k + i. What are the prime factors of c?
2
Suppose 9*p - 669 = 1023. What are the prime factors of p?
2, 47
Suppose -5*d - 12 = 4*v, 4*v - 2*v - 16 = 3*d. Let f = -2 - -3. Suppose f + 11 = v*y. List the prime factors of y.
2, 3
Let x(a) = 6*a**3 + 2*a - 1. Let c be x(1). Suppose -c*z + 85 = -2*z. List the prime factors of z.
17
Let i(l) = 1 - 3*l**3 - 8*l - 8*l**2 + 9 - l**2 + 2*l**3. What are the prime factors of i(-8)?
2, 5
Suppose 0 = 4*u + 8, u + 10 = -t - 3*u. List the prime factors of (7 - 26)*(1 + t).
19
Let r be (-1)/(102/(-105) + 1). Let l = 50 + r. What are the prime factors of l?
3, 5
Suppose -4*i + 0*i + 184 = 0. What are the prime factors of i?
2, 23
Let o = 78 - 44. What are the prime factors of o?
2, 17
Let v be (-4)/18 - 76/(-18). Suppose -v*r = -r, 4*y = -3*r + 8. What are the prime factors of y?
2
Let v(t) = 4*t - 1. Suppose -5*k + 2*s + 24 = -40, 57 = 3*k + 5*s. Suppose -k + 0 = -2*m + 4*d, 3*d - 3 = -3*m. What are the prime factors of v(m)?
11
Let v = -19 + 17. Let a = 151 - -19. What are the prime factors of a/15 - v/(-6)?
11
Let r(j) = 29*j**2 - 2*j + 1. Let k be r(1). Suppose -3*l + 8*l + k = -4*a, 0 = -4*a - 8. Let p = l - -8. List the prime factors of p.
2
Let n = -2 - 1. Let p = n - -11. What are the prime factors of p?
2
What are the prime factors of 50/(-15)*534/(-10)?
2, 89
Suppose 0 = -4*b + 5*j - 12, 5 + 3 = 2*j. Suppose 8*r = 7*r. Suppose -b*g + 4*g - 14 = r. What are the prime factors of g?
7
Let f(k) = k**2 - 12*k - 13. List the prime factors of f(21).
2, 11
Suppose 3*c = 5*c - 5*m + 15, -2*c + 30 = 4*m. Let x be (-10)/25*-5*3. Suppose -g = c*q - 12, x*q = 5*g + 2*q - 60. What are the prime factors of g?
2, 3
What are the prime factors of (-248)/(-3) - (-22)/66?
83
Let z = 1 + 1. Let j(u) = -7*u + 0*u**z - 2 + u**2 - 7. List the prime factors of j(9).
3
Let x = -3 + 3. Suppose 3*o + 4*w + 12 = x, 2*w - 17 = o - w. Let r = 0 - o. List the prime factors of r.
2
Suppose -89 - 41 = -a. What are the prime factors of a?
2, 5, 13
Suppose c = 3*r - 2, -3*r + r = c + 17. Let n = -8 - c. Let y = 11 - n. List the prime factors of y.
2
Let i = 8 + 9. List the prime factors of i.
17
Suppose -9*k - 277 = -1411. List the prime factors of k.
2, 3, 7
Let r(t) = 5*t - 14. List the prime factors of r(6).
2
Let i = -3 - -4. Let m = i - -4. Suppose m*f = 6*f - 6. What are the prime factors of f?
2, 3
Let j = 0 + 3. Suppose 6*q - q + j*w - 54 = 0, -4*q + 27 = -3*w. Suppose 0 = 2*d - 19 - q. List the prime factors of d.
2, 7
Suppose 0 = x, x + 152 = 4*k - 3*x. Suppose -4*m + k + 10 = 0. List the prime factors of m/(-2 + 1)*-1.
2, 3
Let x(s) = 2*s - 7. Let l be x(6). Suppose -5*f = -25 - 20. Suppose y - f = l. What are the prime factors of y?
2, 7
Let y = -5 - -5. Suppose y = -j - 3 + 8. What are the prime factors of j?
5
Suppose 253 = 5*x - 2*q - 37, 20 = 4*q. Suppose 0*g - 3*g = -4*s - x, -2*g - s = -29. List the prime factors of g.
2
Let j = 26 - -3. What are the prime factors of j?
29
Suppose -4*i = 3*v - 110, -v + 3*v - 2*i = 50. List the prime factors of v.
2, 3, 5
Let x(g) = -g**2 + 11*g - 8. List the prime factors of x(6).
2, 11
Suppose t - 4 = -j, -5*j + 2*t + t + 20 = 0. Suppose -8 = -0*z - j*z. What are the prime factors of 3 - 3 - z*-1?
2
Suppose n - 774 = -8*n. What are the prime factors of n?
2, 43
Suppose -k - 820 = -5*u - 3*k, 5 = k. List the prime factors of u.
2, 3
Suppose -v + 0*v + 1 = 0. Suppose 1 = -4*m - 3. List the prime factors of (v + (-6 - 1))*m.
2, 3
Suppose -2*c = -3*g - 28, -37 + 9 = -4*c - g. Let m = 26 - c. What are the prime factors of m?
2, 3
Let q(x) be the first derivative of -1/4*x**4 + 5/3*x**3 + 3*x + 3*x**2 - 2. What are the prime factors of q(6)?
3
Suppose -1 = -4*m + 3*m + 4*s, 3*m - 73 = -2*s. List the prime factors of m.
3, 7
Suppose 0*a - 4*a + 3*p = -24, 2*p = 0. Let c = a + -1. What are the prime factors of c?
5
Let w = -40 + 57. What are the prime factors of w?
17
Let l be 1 + 1 - (-4)/4. Suppose a - 6 = -w, l*a = -2*w + 5*w + 30. Let m = 11 - a. List the prime factors of m.
3
Let y be (0 - 0) + -3 - -3. Suppose -2*j = 2*d - y*d - 28, 5*d = 3*j + 38. Let w(a) = -a + 23. List the prime factors of w(d).
13
Let t(s) = -151*s**3 + 2*s**2 + s. Let v be t(-1). Suppose -v = -3*i - i. What are the prime factors of i?
2, 19
Let i = 24 + -8. What are the prime factors of i?
2
Suppose 5*z + 122 = 2*x, -z + 5 = x - 63. What are the prime factors of x?
2, 3, 11
Let n(x) = 6*x**2 + 3*x + 1. Let m(f) = 6*f**2 + 2*f + 1. Let p(h) = 4*m(h) - 3*n(h). List the prime factors of p(-2).
3
Let q(r) = -23*r**2 + 7*r + 1. Let o(b) = 23*b**2 - 6*b - 1. Let j(l) = 5*o(l) + 4*q(l). What are the prime factors of j(-1)?
2, 3
Let b(m) = -m + 52. What are the prime factors of b(-24)?
2, 19
Suppose 5*r - 3*j = 3 - 5, -2*r = -j. Suppose 60 = 3*l + r*l. What are the prime factors of l?
2, 3
What are the prime factors of ((-38)/4)/((-12)/24)?
19
Suppose 0 = -j - 5*v + v + 18, j = -5*v + 20. What are the prime factors of j?
2, 5
Suppose 60 = -10*m + 570. List the prime factors of m.
3, 17
Let x(f) = f**2 - f + 9. Let a be 0*(2 - 10/4). Let v be x(a). List the prime factors of 6*(6/v + 0).
2
Suppose 0 = -5*c - 2*v + 491, 9*v = 4*v + 15. What are the prime factors of c?
9